 8?
-12061403
26023536 (base 7) to base 8
10777453
Convert -3552593 (base 10) to base 13.
-975035
11303012320 (base 4) to base 6
52325144
542a5 (base 11) to base 14
20a6a
What is 320115 (base 6) in base 3?
1022121202
Convert b47c00 (base 13) to base 9.
7835074
What is -1021121000020 (base 3) in base 16?
-a63bc
Convert -811336 (base 12) to base 3.
-10210022010120
Convert 310512142 (base 7) to base 2.
1000101011100100111011011
Convert 3608880 (base 9) to base 4.
13131111201
What is -3483926 (base 12) in base 16?
-9a816e
What is 73b5b8 (base 13) in base 3?
12002200021120
Convert -650306 (base 7) to base 15.
-23735
What is -1882648 (base 12) in base 6?
-302152132
-18bc68 (base 14) to base 13
-2496c7
925c3 (base 14) to base 15
6e623
What is -100011010001010100 (base 2) in base 16?
-23454
What is a654ad (base 15) in base 16?
78c7ae
Convert 530303 (base 9) to base 6.
10431050
What is -42252233 (base 6) in base 12?
-4b7079
-101302410 (base 6) to base 9
-3256716
Convert -24002240 (base 5) to base 6.
-4410114
What is -23312122 (base 7) in base 8?
-7652746
What is -1469220 (base 10) in base 3?
-2202122101120
What is -4332176 (base 8) in base 7?
-12601565
-6244452 (base 8) to base 10
-1657130
Convert 16a9300 (base 11) to base 16.
2c32eb
What is 311024311 (base 5) in base 16?
135700
Convert 6074 (base 15) to base 12.
b947
What is -10001000010011010000 (base 2) in base 5?
-120331123
-3b5816 (base 13) to base 14
-296d02
Convert 735458 (base 14) to base 3.
21022212101101
258733 (base 12) to base 16
96717
Convert -10301123 (base 4) to base 7.
-110663
-1340125 (base 6) to base 7
-432206
-1ca276 (base 15) to base 6
-50010550
-340523 (base 8) to base 6
-2244311
-24c975 (base 16) to base 7
-26330526
Convert -2afa00 (base 16) to base 15.
-3a97c7
Convert -100110101010101100 (base 2) to base 13.
-57121
What is -16de9 (base 16) in base 6?
-2001401
What is 2212122001 (base 3) in base 16?
dd11
100112011102220 (base 3) to base 14
95a94c
-102112000 (base 3) to base 13
-3a8c
21455221 (base 7) to base 4
13002220210
183479 (base 10) to base 6
3533235
What is 419961 (base 13) in base 10?
1535106
131535324 (base 6) to base 7
31120324
Convert -432122 (base 7) to base 11.
-51538
Convert e1f61 (base 16) to base 15.
134377
Convert 566650 (base 7) to base 6.
2054444
Convert 233424341 (base 5) to base 13.
2b91b4
38558 (base 10) to base 14
100a2
What is 1284745 (base 9) in base 12?
2a037b
What is -3321221 (base 4) in base 2?
-11111001101001
Convert 4373064 (base 8) to base 5.
300132030
What is 453395 (base 13) in base 10?
1635197
What is 18575d (base 16) in base 14?
2d74cd
What is -5a348 (base 11) in base 2?
-10101001110010010
-8c8986 (base 14) to base 13
-cb80bc
111430433 (base 5) to base 16
79cb4
Convert -120212022010 (base 4) to base 2.
-11000100110001010000100
Convert 3a18b (base 16) to base 2.
111010000110001011
260ef4 (base 16) to base 8
11407364
What is 10232000031 (base 4) in base 16?
12e00d
54011311 (base 6) to base 5
401303211
What is 321226 (base 9) in base 13?
69036
Convert -bb5c6 (base 15) to base 16.
-9156f
2703558 (base 9) to base 8
5510326
-11001011110011111111 (base 2) to base 16
-cbcff
What is 227336 (base 9) in base 5?
13332344
-2554350 (base 6) to base 16
-2219a
Convert 10936 (base 13) to base 10.
30127
Convert 871180 (base 9) to base 4.
1332300201
41c8e (base 15) to base 6
4250125
What is 500550254 (base 6) in base 4?
200031122122
-100011100010100000 (base 2) to base 6
-3041532
Convert 151245121 (base 6) to base 9.
5826884
2301126 (base 8) to base 6
21205050
1002371 (base 8) to base 15
530b2
What is -5745100 (base 10) in base 16?
-57a9cc
Convert -133455523 (base 6) to base 4.
-22102300023
Convert 3143551 (base 6) to base 7.
1210234
Convert -1104478 (base 10) to base 16.
-10da5e
2c95b (base 13) to base 5
10210313
-10303224103 (base 5) to base 8
-51735423
Convert 14515360 (base 8) to base 13.
8c1708
What is -148318 (base 11) in base 13?
-80c9c
What is -22515164 (base 9) in base 15?
-e5ec5a
Convert -30122121000 (base 4) to base 7.
-36441240
-135465 (base 7) to base 12
-13040
-386004 (base 11) to base 15
-c0366
What is -43347 (base 10) in base 2?
-1010100101010011
Convert 311541 (base 8) to base 16.
19361
Convert 10514437 (base 9) to base 16.
4da331
-110110001011010 (base 2) to base 5
-1341423
Convert -25407 (base 10) to base 4.
-12030333
What is -20301411 (base 5) in base 8?
-503740
Convert 1011102445 (base 6) to base 14.
15509c1
-31122310201 (base 4) to base 16
-35ad21
-11202221221 (base 3) to base 11
-646a6
-1176205 (base 8) to base 3
-121121021022
Convert -401256 (base 9) to base 10.
-237138
What is 1144551 (base 7) in base 14?
3b161
-2632107 (base 8) to base 3
-1101022020112
-1010011101111011111010 (base 2) to base 13
-751005
Convert -ba25 (base 15) to base 10.
-39410
256a84a (base 13) to base 7
201326610
Convert -211101222022 (base 3) to base 13.
-125981
What is 1350552 (base 6) in base 16?
12b84
4632631 (base 8) to base 10
1258905
What is -71f788 (base 16) in base 3?
-112001110110021
Convert 20112100000 (base 4) to base 11.
1265103
What is -2155584 (base 9) in base 10?
-1158862
1133651 (base 7) to base 4
202322222
Convert 20c410 (base 15) to base 4.
11330321211
What is 10132 (base 5) in base 8?
1233
225651 (base 9) to base 15
2a1b7
What is -7a692 (base 12) in base 8?
-477116
What is -3222200302 (base 4) in base 3?
-1210210122101
365514 (base 9) to base 5
24024301
Convert 283fd (base 16) to base 13.
5a068
-14833 (base 13) to base 5
-2214433
-413232 (base 9) to base 5
-30321020
Convert 90a5b (base 12) to base 2.
101101111011100111
Convert -145d66 (base 14) to base 11.
-4438a7
Convert 4207656 (base 9) to base 2.
1000100101001100011110
10001001010100100100001 (base 2) to base 7
53150535
98bc8 (base 16) to base 15
c5573
Convert -1e255d (base 15) to base 12.
-5b2274
Convert 20233131 (base 4) to base 15.
a920
Convert -1305561 (base 7) to base 9.
-278260
What is 3323212302 (base 5) in base 16?
6e7f69
-264786 (base 12) to base 7
-5233014
What is 105010442 (base 6) in base 12?
783a22
-133232130 (base 5) to base 8
-2460542
-884b14 (base 13) to base 2
-1100001111100100011000
Convert 2bc79 (base 15) to base 4.
202132011
-10010010010111 (base 2) to base 12
-5507
What is -216342613 (base 7) in base 2?
-110010000011001000110110
-232354 (base 7) to base 12
-20161
Convert 143413034 (base 5) to base 11.
481709
-4092b (base 15) to base 10
-204566
What is -12dcb0 (base 14) in base 13?
-19b1c0
20231303002 (base 4) to base 12
92222a
Convert 398b1 (base 16) to base 9.
388275
What is -27a78 (base 13) in base 7?
-426406
-1012021110 (base 4) to base 5
-33143231
12160440 (base 7) to base 15
1680a3
57c85 (base 15) to base 12
11595b
What is -1744266 (base 9) in base 10?
-974166
-51b98 (base 12) to base 11
-73521
721523 (base 9) to base 5
102140440
What is 550a9 (base 11) in base 15?
18a6e
Convert 114112 (base 12) to base 9.
461425
What is 14862343 (base 9) in base 7?
120042105
648961 (base 11) to base 8
3750602
Convert 233101022 (base 4) to base 10.
193610
What is 103102301023 (base 4) in base 7?
60663136
535240412 (base 6) to base 2
100100001101011001011000
Convert -b5132d (base 14) to base 5.
-3031032032
What is -313023212 (base 4) in base 12?
-aa972
e6b41 (base 15) to base 4
2302212100
What is -1103132310 (base 4) in base 11?
-2139a5
What is -1324121 (base 5) in base 13?
-c266
What is -340003 (base 13) in base 11?
-769789
4343c (base 16) to base 15
5697b
Convert -2142113321 (base 5) to base 3.
-22201222111222
13304100 (base 5) to base 4
200323310
What is 1173275 (base 9) in base 13?
194a11
Convert -7748 (base 12) to base 4.
-3031220
What is c16ab (base 14) in base 13?
1338b1
What is -991ee (base 15) in base 4?
-1312300301
What is 1451156 (base 8) in base 13?
116778
What is -12010020110 (base 3) in base 5?
-11211101
-2273570 (base 8) to base 14
-12214c
110000100000101001 (base 2) to base 12
96ba1
Convert -635220 (base 8) to base 14.
-57184
Convert 3252c2 (base 13) to base 16.
120b12
-582945 (base 10) to base 5
-122123240
What is -40315 (base 13) in base 7?
-655414
Convert 11737101 (base 9) to base 4.
111330130231
Convert 5712984 (base 10) to base 2.
10101110010110001011000
Convert -240405 (base 8) to base 11.
-56820
136073 (base 8) to base 13
18c19
2456960 (base 10) to base 12
9a5a2